00.
140
Calculate the highest common divisor of 36864 and 36.
36
What is the greatest common divisor of 5868 and 965612?
652
What is the greatest common factor of 140 and 217705?
5
Calculate the greatest common divisor of 4001380 and 1770.
590
Calculate the highest common factor of 54 and 185238.
18
What is the highest common factor of 224 and 53408?
32
Calculate the greatest common divisor of 36087 and 138.
69
What is the highest common factor of 10 and 2840515?
5
Calculate the greatest common factor of 221856 and 96.
96
What is the greatest common factor of 27102 and 342?
6
Calculate the highest common factor of 170 and 3638.
34
Calculate the highest common factor of 76890 and 660.
330
What is the greatest common factor of 1437 and 1470?
3
What is the greatest common divisor of 3503 and 11074?
113
Calculate the greatest common divisor of 182 and 711802.
182
Calculate the highest common divisor of 8369320 and 40.
40
What is the greatest common divisor of 49488 and 192?
48
What is the highest common divisor of 51 and 15079?
17
What is the highest common divisor of 1240068 and 828?
276
Calculate the greatest common factor of 28453 and 37.
37
Calculate the greatest common divisor of 52576 and 24592.
848
Calculate the greatest common factor of 23 and 162472.
23
What is the greatest common factor of 963875 and 8250?
1375
What is the greatest common divisor of 3296 and 1016?
8
What is the greatest common factor of 70 and 6538?
14
Calculate the greatest common divisor of 899 and 6409.
29
Calculate the highest common factor of 5542 and 800330.
326
Calculate the greatest common divisor of 2373 and 1785.
21
What is the highest common divisor of 220 and 282260?
220
What is the highest common divisor of 71974 and 5194?
742
What is the highest common divisor of 3 and 1186404?
3
Calculate the highest common divisor of 28 and 15589.
7
Calculate the highest common factor of 20052162 and 18.
18
Calculate the highest common factor of 298 and 635038.
298
What is the greatest common divisor of 29510 and 130?
130
Calculate the highest common factor of 686 and 24682.
14
Calculate the highest common factor of 520 and 538040.
40
Calculate the greatest common divisor of 11150 and 7050.
50
What is the highest common divisor of 180 and 3924?
36
What is the highest common divisor of 13 and 8224164?
13
Calculate the greatest common factor of 231759 and 1287.
99
What is the greatest common factor of 20 and 491020?
20
What is the greatest common divisor of 279 and 597231?
9
What is the highest common factor of 24858 and 18?
18
Calculate the greatest common divisor of 485694 and 891.
99
Calculate the greatest common divisor of 546 and 42.
42
Calculate the greatest common factor of 19 and 7999.
19
Calculate the highest common divisor of 840 and 318675.
105
Calculate the greatest common factor of 216 and 183336.
24
Calculate the highest common factor of 328077 and 18.
9
What is the greatest common divisor of 22848 and 6?
6
Calculate the highest common divisor of 26 and 1046.
2
Calculate the highest common divisor of 12943 and 11.
1
Calculate the highest common divisor of 2336 and 541368.
584
What is the highest common divisor of 1441 and 524?
131
What is the highest common factor of 5775 and 1485?
165
Calculate the highest common factor of 357 and 112161.
21
What is the highest common factor of 530 and 224402?
106
What is the greatest common divisor of 847 and 73493?
7
What is the greatest common factor of 1011498 and 789?
789
What is the greatest common divisor of 162372 and 42?
42
Calculate the highest common factor of 117311 and 219.
73
What is the greatest common factor of 2167 and 1379?
197
What is the greatest common factor of 4852 and 1544149?
1213
What is the highest common factor of 176 and 88496?
16
What is the highest common factor of 2115 and 2245?
5
What is the highest common divisor of 21 and 41671?
7
Calculate the highest common divisor of 240 and 6630.
30
Calculate the greatest common divisor of 7896 and 52828.
188
What is the highest common divisor of 434628 and 54?
18
Calculate the greatest common factor of 43452 and 54.
18
Calculate the greatest common factor of 196 and 2004.
4
Calculate the greatest common divisor of 211302 and 351.
351
Calculate the highest common factor of 22464 and 9.
9
What is the greatest common divisor of 2940 and 1190?
70
What is the greatest common divisor of 16 and 9832?
8
Calculate the greatest common factor of 1048 and 839972.
524
What is the greatest common divisor of 105 and 9065?
35
What is the greatest common factor of 15040 and 4000?
160
Calculate the greatest common factor of 568 and 16614.
142
What is the highest common factor of 83905 and 1164?
97
What is the highest common divisor of 86710 and 80707?
667
What is the greatest common divisor of 22 and 7282?
22
What is the greatest common divisor of 447313 and 61?
61
What is the greatest common divisor of 1418970 and 70?
70
What is the highest common factor of 456 and 2598?
6
What is the highest common divisor of 3909540 and 1104?
276
What is the highest common divisor of 427050 and 16206?
438
Calculate the highest common divisor of 2800 and 204225.
175
Calculate the greatest common divisor of 56420 and 832.
52
Calculate the greatest common divisor of 48 and 125616.
48
What is the highest common factor of 3349 and 4352?
17
Calculate the highest common factor of 22656 and 1920.
384
What is the greatest common divisor of 6103 and 7180?
359
What is the greatest common divisor of 979319 and 17?
17
Calculate the highest common divisor of 486837 and 438.
219
What is the highest common divisor of 1448 and 119822?
362
Calculate the greatest common divisor of 510196 and 4.
4
What is the highest common divisor of 29575 and 525?
175
What is the greatest common divisor of 14942 and 13496?
482
What is the greatest common divisor of 400 and 12875?
25
What is the greatest common divisor of 878 and 980726?
878
What is the highest common divisor of 360348 and 12?
12
What is the highest common factor of 1314 and 675?
9
What is the highest common factor of 371600 and 1200?
400
Calculate the greatest common factor of 32 and 23180016.
16
What is the greatest common factor of 343 and 1561?
7
Calculate the highest common factor of 5489 and 213073.
499
Calculate the greatest common divisor of 44 and 50584.
4
What is the greatest common divisor of 1161508 and 527?
527
Calculate the highest common divisor of 2080 and 320.
160
Calculate the highest common divisor of 293 and 1135082.
293
Calculate the greatest common factor of 52424 and 8.
8
What is the greatest common divisor of 19133 and 1162078?
1007
Calculate the highest common divisor of 1298 and 88.
22
Calculate the greatest common divisor of 1115056 and 16.
16
What is the greatest common divisor of 420 and 15666?
42
Calculate the highest common divisor of 712 and 3071212.
356
Calculate the highest common divisor of 133035 and 105.
105
What is the greatest common factor of 265 and 85?
5
Calculate the greatest common divisor of 2346 and 714.
102
Calculate the highest common divisor of 94588 and 156.
52
Calculate the greatest common factor of 6099 and 26163.
57
Calculate the highest common factor of 652 and 80359.
163
What is the greatest common factor of 13144 and 5512?
424
Calculate the greatest common divisor of 9 and 10492452.
9
What is the highest common divisor of 1696 and 22?
2
Calculate the highest common factor of 6 and 896358.
6
What is the greatest common divisor of 36 and 3227985?
9
Calculate the greatest common divisor of 1020 and 71196.
204
Calculate the greatest common factor of 867978 and 9.
9
Calculate the highest common factor of 144478 and 2.
2
What is the greatest common divisor of 304486 and 182?
182
What is the greatest common divisor of 30 and 10215?
15
What is the greatest common divisor of 3285 and 28689?
219
Calculate the highest common divisor of 13 and 21261422.
13
Calculate the highest common factor of 33 and 20625.
33
What is the highest common divisor of 542521 and 34?
17
What is the highest common divisor of 20097 and 10647?
63
Calculate the highest common factor of 59088 and 6.
6
What is the highest common divisor of 8 and 2570728?
8
Calculate the highest common factor of 9 and 96281.
1
What is the greatest c